34937?
True
Does 34 divide 476?
True
Is 18388 a multiple of 9?
False
Is 15 a factor of 26902?
False
Is 19 a factor of 12571?
False
Does 75 divide 3697?
False
Does 12 divide 116620?
False
Does 26 divide 27144?
True
Does 55 divide 2190?
False
Does 214 divide 41505?
False
Is 1570 a multiple of 10?
True
Is 286 a factor of 68783?
False
Is 1530 a multiple of 15?
True
Does 32 divide 2232?
False
Does 12 divide 240?
True
Does 125 divide 5370?
False
Does 62 divide 1860?
True
Is 7110 a multiple of 17?
False
Is 37800 a multiple of 135?
True
Is 14 a factor of 7070?
True
Is 4734 a multiple of 12?
False
Does 9 divide 1359?
True
Does 39 divide 5265?
True
Is 24043 a multiple of 66?
False
Is 77 a factor of 847?
True
Is 15554 a multiple of 176?
False
Does 117 divide 27654?
False
Is 106 a factor of 56048?
False
Is 33790 a multiple of 109?
True
Is 13 a factor of 26?
True
Does 226 divide 13108?
True
Is 83 a factor of 4797?
False
Is 25 a factor of 438?
False
Is 12 a factor of 126004?
False
Is 14 a factor of 4438?
True
Is 25 a factor of 375?
True
Is 16114 a multiple of 23?
False
Is 63 a factor of 4977?
True
Does 26 divide 5805?
False
Does 8 divide 5760?
True
Is 10340 a multiple of 14?
False
Is 140 a factor of 19180?
True
Is 11935 a multiple of 11?
True
Does 23 divide 297?
False
Is 25 a factor of 555?
False
Is 56 a factor of 1448?
False
Does 43 divide 1996?
False
Is 20 a factor of 20?
True
Does 9 divide 7461?
True
Is 615 a multiple of 15?
True
Does 18 divide 1152?
True
Is 4 a factor of 3692?
True
Does 30 divide 99490?
False
Is 149905 a multiple of 13?
False
Is 18 a factor of 9162?
True
Does 25 divide 88?
False
Is 49 a factor of 11221?
True
Does 13 divide 14469?
True
Is 4307 a multiple of 73?
True
Does 4 divide 6600?
True
Is 308 a multiple of 24?
False
Is 57724 a multiple of 411?
False
Does 8 divide 13797?
False
Does 20 divide 522?
False
Is 157 a factor of 18941?
False
Is 108008 a multiple of 23?
True
Is 10 a multiple of 3?
False
Does 4 divide 2373?
False
Is 60635 a multiple of 67?
True
Does 12 divide 81?
False
Does 69 divide 1400?
False
Is 13 a factor of 11180?
True
Is 3354 a multiple of 86?
True
Is 16675 a multiple of 25?
True
Does 38 divide 10830?
True
Does 41 divide 3567?
True
Does 52 divide 676?
True
Does 17 divide 136?
True
Is 5 a factor of 1210?
True
Is 276 a multiple of 11?
False
Is 1233 a multiple of 46?
False
Is 69426 a multiple of 58?
True
Does 84 divide 4662?
False
Does 23 divide 1015?
False
Does 35 divide 385?
True
Does 7 divide 148?
False
Is 36 a factor of 2407?
False
Is 32794 a multiple of 38?
True
Is 3 a factor of 3364?
False
Is 16 a factor of 20512?
True
Does 50 divide 3200?
True
Does 81 divide 972?
True
Does 134 divide 11524?
True
Does 15 divide 8353?
False
Does 6 divide 1368?
True
Is 15246 a multiple of 8?
False
Is 28 a factor of 41375?
False
Does 4 divide 80?
True
Does 10 divide 62040?
True
Is 6 a factor of 19171?
False
Does 94 divide 1359?
False
Does 33 divide 16335?
True
Does 19 divide 4332?
True
Does 57 divide 29925?
True
Does 57 divide 1197?
True
Is 12 a factor of 3142?
False
Is 60 a factor of 23171?
False
Is 14 a factor of 420?
True
Is 1568 a multiple of 7?
True
Is 58 a factor of 40441?
False
Is 20394 a multiple of 66?
True
Is 77 a factor of 37961?
True
Does 7 divide 553?
True
Does 45 divide 720?
True
Is 33 a factor of 355?
False
Is 19 a factor of 366?
False
Is 419 a multiple of 7?
False
Is 149 a multiple of 11?
False
Is 27 a multiple of 7?
False
Is 280 a multiple of 7?
True
Is 660 a multiple of 22?
True
Does 12 divide 754?
False
Is 44 a factor of 6068?
False
Is 165 a factor of 3592?
False
Is 34 a factor of 4726?
True
Is 8 a factor of 3344?
True
Is 38 a factor of 20560?
False
Is 80 a factor of 6568?
False
Is 6690 a multiple of 6?
True
Is 5 a factor of 680?
True
Does 5 divide 540?
True
Is 54672 a multiple of 201?
True
Is 31339 a multiple of 11?
True
Is 14 a factor of 21546?
True
Is 209 a multiple of 18?
False
Is 33 a factor of 725?
False
Is 173 a factor of 22317?
True
Does 99 divide 73706?
False
Is 98 a factor of 3139?
False
Does 13 divide 1634?
False
Does 11 divide 13431?
True
Does 52 divide 4628?
True
Is 40749 a multiple of 289?
True
Does 36 divide 5256?
True
Is 22517 a multiple of 70?
False
Is 17 even?
False
Is 22 a factor of 95973?
False
Is 2543 a multiple of 25?
False
Does 30 divide 5210?
False
Does 21 divide 319?
False
Does 65 divide 321?
False
Is 27352 a multiple of 35?
False
Does 45 divide 765?
True
Does 13 divide 1066?
True
Is 5 a factor of 520?
True
Is 14 a factor of 4326?
True
Does 57 divide 4104?
True
Is 1056 a multiple of 32?
True
Does 26 divide 45500?
True
Is 9 a factor of 594?
True
Does 9 divide 10614?
False
Is 1743 a multiple of 7?
True
Does 7 divide 29355?
False
Is 13 a factor of 32877?
True
Does 72 divide 3672?
True
Is 1096 a multiple of 12?
False
Does 43 divide 8127?
True
Does 176 divide 6708?
False
Is 12 a factor of 5383?
False
Is 8 a factor of 11758?
False
Is 1081 a multiple of 55?
False
Does 25 divide 43075?
True
Is 864 a multiple of 24?
True
Is 23 a factor of 95?
False
Is 140 a factor of 2100?
True
Does 7 divide 2345?
True
Is 57035 a multiple of 17?
True
Is 108 a factor of 7092?
False
Is 64 a factor of 5440?
True
Is 111 a factor of 6160?
False
Is 7062 a multiple of 100?
False
Is 4 a factor of 7312?
True
Is 490 a multiple of 17?
False
Does 7 divide 1966?
False
Is 140484 a multiple of 138?
True
Is 5 a factor of 260?
True
Is 2040 a multiple of 24?
True
Is 96 a factor of 1336?
False
Is 12 a multiple of 7?
False
Does 59 divide 8848?
False
Is 459 a multiple of 17?
True
Is 13992 a multiple of 132?
True
Does 26 divide 3510?
True
Is 4 a factor of 5898?
False
Does 36 divide 2952?
True
Is 22 a factor of 242?
True
Is 29 a factor of 7888?
True
Is 77 a factor of 2312?
False
Is 152 a multiple of 38?
True
Does 16 divide 1136?
True
Is 12 a factor of 13629?
False
Does 99 divide 76868?
False
Does 27 divide 7641?
True
Is 4786 a multiple of 24?
False
Is 11 a factor of 7153?
False
Is 17 a factor of 45899?
False
Is 1581 a multiple of 31?
True
Is 45951 a multiple of 115?
False
Is 1560 a multiple of 20?
True
Is 2 a factor of 116?
True
Is 900 a multiple of 50?
True
Is 4933 a multiple of 13?
False
Is 3737 even?
False
Is 17083 a multiple of 11?
True
Does 14 divide 2592?
False
Does 8 divide 24112?
True
Does 8 divide 10328?
True
Is 2 a factor of 150?
True
Is 4 a factor of 23511?
False
Is 1341 a multiple of 7?
False
Is 610 a multiple of 10?
True
Does 15 divide 1200?
True
Is 10 a factor of 3040?
True
Is 1907 a multiple of 65?
False
Does 20 divide 640?
True
Does 5 divide 270?
True
Is 12 a factor of 528?
True
Does 4 divide 1914?
False
Is 2632 a multiple of 103?
False
Does 19 divide 208?
False
Does 37 divide 6845?
True
Is 3 a factor of 40830?
True
Does 11 divide 8927?
False
Does 21 divide 630?
True
Is 24 a factor of 611?
False
Is 6644 a multiple of 4?
True
Is 1128 a multiple of 33?
False
Is 248 a factor of 26564?
False
Does 16 divide 96?
True
Is 17 a factor of 55?
False
Is 121 a factor of 10742?
False
Is 48 a factor of 1364?
False
Does 12 divide 37?
False
Does 379 divide 45101?
True
Is 105 a multiple of 5?
True
Is 4496 a multiple of 8?
True
Is 741 a multiple of 18?
False
Is 2106 a multiple of 6?
True
Is 26 a factor of 746?
False
Is 304 a factor of 126239?
False
Is 3706 a multiple of 32?
False
Does 35 divide 736?
False
Is 59 even?
False
Is 13 a factor of 29813?
False
Does 4 divide 97?
False
Is 2375 a multiple of 25?
True
Is 2655 a multiple of 15?
True
Does 9 divide 1786?
False
Does 27 divide 3187?
False
Does 93 divide 45849?
True
Does 70 divide 1122?
False
Does 3 divide 138?
True
Is 2289 a multiple of 2?
False
Is 163 a factor of 163?
True
Is 2726 a multiple of 47?
True
Is 7 a factor of 763?
True
Is 45 a factor of 3427?
False
Does 22 divide 389?
False
Is 41 a factor of 680?
False
Is 1472 a multiple of 46?
True
Is 42 a factor of 504?
True
Is 2051 a multiple of 7?
True
Is 76 a factor of 35188?
True
Is 474 a multiple of 130?
False
Does 186 divide 3348?
True
Does 149 divide 14602?
True
Is 1913 a multiple of 18?
False
Is 16 a factor of 21813?
False
Does 208 divide 41392?
True
Is 101 a factor of 1693?
False
Is 110 a factor of 11110?
True
Is 19 a factor of 18639?
True
Is 1488 a multiple of 31?
True
Does 5 divide 11995?
True
Is 13 a factor of 421?
False
Is 12 a 